he greatest common divisor of 4 and i.
4
Suppose -32*d - 45*d + 71995 = 0. Calculate the greatest common factor of d and 165.
55
Suppose -v + 4*l + 89 = -0*l, -2*v + 3*l + 203 = 0. Calculate the highest common factor of 2 and v.
1
Let c be 2 + 1 - (1 - 2). Let d be c - 4936/(-28) - (-6)/(-21). Calculate the highest common divisor of d and 36.
36
Suppose 4*q - 108 = -4*x + x, 0 = -2*q. Let f = -20 + x. Calculate the highest common factor of f and 144.
16
Let z = 1132 + 1100. Calculate the highest common divisor of z and 24.
24
Suppose -780 = -0*n - 5*n - 4*z, -775 = -5*n - 3*z. What is the greatest common factor of n and 38?
38
Suppose 0 = -2*f - 6, -5*j - 6 = -2*f - f. Let o(s) = 3*s**2 - 4*s + 3. Let k be o(j). Calculate the highest common divisor of 6 and k.
6
Let f = 68 + -40. Let g = f + 7. Calculate the highest common factor of 280 and g.
35
Suppose 25*d = 975 + 25. Calculate the highest common divisor of 280 and d.
40
Suppose -6*q - 756 = -s - q, -4*q = -5*s + 3885. What is the highest common factor of 213 and s?
71
Suppose 44 = 19*j - 15*j. Let c = -314 - -589. What is the greatest common factor of j and c?
11
Let b be 120/(-70) + (-4)/14. Let l be (-5 + b)/(2/(-14)). Let g = -60 + 67. Calculate the greatest common factor of g and l.
7
Suppose -21 - 6 = -3*c. Let b be (0 + 12)*84/16. What is the greatest common divisor of c and b?
9
Suppose -2*b + 3*y - 95 = 0, 229 = -5*b + 2*y - 3*y. Let t = b + 97. What is the greatest common divisor of 17 and t?
17
Let l = -65 + 109. What is the greatest common divisor of 44 and l?
44
Let s(l) = -33*l + 3409. Let d be s(103). Let n(f) = -129*f**3 + 1. Let i be n(-1). What is the greatest common factor of d and i?
10
Let w(z) = -z + 249. Let o be w(6). Calculate the highest common divisor of 18 and o.
9
Let b(i) = -181*i**3 + 2*i + 1. Let t be b(-1). Suppose -x = -5*x - 2*w + 86, -4*w = -5*x + 88. Calculate the greatest common factor of t and x.
20
Let y be 7068/190*20/6. Suppose -4*z = 4*f - 16, -3*f + 15 = 4*z - 0*f. Suppose -4*m = -16, -z*b - 3*m + 109 = m. What is the highest common factor of y and b?
31
Let k(x) = 40*x**2 - x + 3. Let o be k(3). Suppose r + 3*r = o. Suppose 5*h - 60 = 5*b, -19*b + 20 = 3*h - 14*b. What is the greatest common divisor of r and h?
10
Suppose 2*y + f = -44, 4*f - 12 = f. Let s be (0 + y)*(-9)/18. What is the greatest common divisor of s and 36?
12
Suppose n = 4, 42*n - 39*n - 48 = -2*c. Let l = 110 - 38. What is the highest common factor of c and l?
18
Let p be (-6 + 2)*(11 - 54). Calculate the greatest common factor of 387 and p.
43
Suppose x + 74 = 2*x - z, 2*x + 2*z - 164 = 0. Let m = 13 + -12. Let r(t) = 19*t + 7. Let k be r(m). Calculate the greatest common divisor of k and x.
26
Let t(g) = -g**3 - 4*g**2 + 8*g + 2. Let c be t(-6). Let j be (8 - 1)/(2/c). Let h be (6/(-4) - -1)*-26. Calculate the greatest common divisor of h and j.
13
Suppose -2*s + 18 = -4*s. Let l be s/(-18) + 262/4. Suppose 3*q + l = 5*u, -5*u = 2*q - 4*q - 69. What is the highest common divisor of u and 135?
15
Let s = 209 - 143. Suppose -3*w + 4*o = -0*o, -2*w - o = 11. Let c be (w + 2)/((-3)/66). Calculate the greatest common factor of s and c.
22
Suppose -2*n + 4*u = -162, -125 - 45 = -2*n - 4*u. Let t = n - 69. What is the greatest common factor of t and 70?
14
Suppose u + t = 1, 4*u = 2*u - t + 3. Suppose 4*w - 6*b + b - 44 = 0, -u*w = b - 36. What is the greatest common divisor of 32 and w?
16
Let m be -34*(92/(-5) + 8/(-80)). Calculate the highest common factor of m and 51.
17
Let q = 14 - 62. Let v = 152 + q. What is the greatest common factor of v and 13?
13
Let q be (20/8 - -1)*4. Let p be -5*(-2)/(20/q). Let w = 146 + -83. What is the greatest common divisor of w and p?
7
Suppose -13*h + 29971 = 30*h. What is the highest common factor of h and 119?
17
Suppose 27 = 6*w - 27. Suppose w*r + 2498 - 6062 = 0. Calculate the greatest common divisor of r and 36.
36
Let a(l) = l**3 + 12*l**2 + 10*l - 10. Let b be a(-11). Let v = 100 + -91. What is the highest common factor of b and v?
1
Let j(g) be the first derivative of 13*g**2 + g + 1. Let o be j(1). Let x = 1355 + -1328. What is the highest common factor of x and o?
27
Suppose -203 = 4*u - 59. Let b be u*-3*(-2)/(-6). What is the greatest common factor of b and 108?
36
Let w be ((-1)/2)/((-2)/12). Suppose -w*j = -0*j - 171. Calculate the highest common factor of 38 and j.
19
Suppose 0 = 5*a + 4*b - 40, -5 + 15 = 2*b. Suppose 3*p = -a*p + 175. Calculate the greatest common factor of p and 225.
25
Suppose 1872 = -2230*j + 2248*j. Calculate the greatest common divisor of 208 and j.
104
Suppose 0 = -67*q + 973 + 6397. What is the greatest common factor of 396 and q?
22
Let g(x) = 48*x - 456. Let a be g(12). Suppose 3*k - y - 19 = 30, 4*k - 68 = 2*y. Calculate the highest common divisor of a and k.
15
Suppose -3*w + 42 + 45 = 0. Let c = -2 + 6. Suppose -439 = -0*t - 5*t - c*p, 5*p = -2*t + 179. What is the greatest common divisor of w and t?
29
Let v = -26 + 58. Let b(c) = c**2 - 18*c + 33. Let h be b(21). What is the greatest common divisor of v and h?
32
Let g be (-1)/(-3) + (-26)/6. Let s(q) = -8*q - 12. Let h be s(g). Calculate the highest common factor of 8 and h.
4
Let v be (7/(-4))/(24/(-1248)). Suppose 89 = 5*b + k, -2*k - v = -5*b - k. What is the highest common divisor of b and 9?
9
Let m(d) = d**2 - 8*d + 42. Let q be m(7). Calculate the highest common divisor of 7 and q.
7
Suppose -2*p + 318 = p. Suppose -10*k + 94 = -p. What is the greatest common factor of 50 and k?
10
Let l = 20 - 14. Let d be 0/(-4)*l/24. Suppose -y + 3*v + 18 = -d*y, y + 3*v - 36 = 0. Calculate the highest common factor of y and 3.
3
Suppose -3*w + 12 = w. Suppose -10 = -8*t + w*t. Let y(i) = 16*i**3 - i**2 + i + 2. Let o be y(t). Calculate the greatest common factor of o and 16.
16
Let q = -186 - -221. Suppose 280 = 2*x + 2*x. Calculate the greatest common divisor of q and x.
35
Suppose 5*u - 29 = -2*r, u + 4*u - 15 = 5*r. Let s(t) = t**2 - 7*t + 2. Let m be s(9). Suppose -m + 0 = -4*k. What is the greatest common divisor of k and r?
1
Let w(l) = -l**3 - 7*l**2 + 9*l + 1. Let y be w(-8). Let b = y + 0. Let f = 11 + b. What is the greatest common divisor of f and 28?
4
Let q = 330 + -160. Suppose 3*d + 18 = 5*d. Suppose 5*c - 4*b - 150 = 0, d*c - 4*c = -3*b + 185. What is the highest common factor of q and c?
34
Suppose 7*y - 2*y - 2*x = 1154, -y = -x - 229. What is the highest common factor of 8 and y?
8
Suppose -t = -12 - 40. Let u(c) = -86*c**2 - 3*c + 2. Let r be u(1). Let y = r + 113. Calculate the highest common divisor of t and y.
26
Suppose 30*l - 23*l = 364. What is the greatest common divisor of 1404 and l?
52
Let b(k) = k**2 - 8*k - 5. Let q be b(9). Suppose d - 4 = -2*g, -6*g + q*g - 10 = 0. Let p be -5*12/(-4) + -1. Calculate the highest common factor of p and d.
14
Suppose -78 = f - 5*f + 2*m, -2*f + 49 = -3*m. Let b = f + -5. What is the highest common factor of 48 and b?
12
Let y = -594 - -619. Suppose -5*m - 4*o + 25 = 4, 0 = -3*m - 2*o + 13. What is the greatest common factor of m and y?
5
Let m be 2/(-13) - 1638794/(-1781). Calculate the highest common factor of 200 and m.
40
Let g(q) = 2*q**3 - 31*q**2 - 14*q + 40. Let u be g(16). What is the greatest common factor of u and 648?
72
Let t(k) = -165*k + 17. Let x be t(-1). What is the greatest common factor of x and 14?
14
Let d(n) = 36*n**2 - 4*n - 9. Let w be d(-2). Let v = -10 + 21. Suppose -2*o + v = -15. What is the highest common divisor of o and w?
13
Let c be 66/(6/(-2) + 4). Let j = c - 40. What is the greatest common divisor of j and 13?
13
Let y be (-2)/(((-30)/4)/(-5) + -2). Suppose -r = y*r - 120. What is the greatest common divisor of r and 6?
6
Let c(u) = 13*u - 17. Let d be c(9). Suppose 5*g + 40 = -5*s, 0*s - 4*s = -3*g + 39. Let l = 11 - s. What is the greatest common divisor of l and d?
20
Suppose -w + 18 = 3*j, -4*j + 5 = -4*w - 19. Suppose 6*x + j = 8*x. What is the greatest common factor of x and 24?
3
Let c = -16 + 16. Suppose c = -7*z - 0*z. Let o be z + (18*-2)/(-4). Calculate the greatest common factor of o and 27.
9
Suppose 6*l - 68 = 4*l. Let h(p) = 16*p - 318. Let n be h(22). Calculate the greatest common divisor of n and l.
34
Let s(v) = -v**2 - 10*v - 34